hat is the remainder when 686242 is divided by 52?
50
Calculate the remainder when 444696 is divided by 38.
20
Calculate the remainder when 1937 is divided by 257.
138
Calculate the remainder when 10816 is divided by 68.
4
Calculate the remainder when 870 is divided by 676.
194
What is the remainder when 13597 is divided by 3109?
1161
What is the remainder when 160950 is divided by 482?
444
What is the remainder when 10890 is divided by 2471?
1006
What is the remainder when 115721 is divided by 45?
26
Calculate the remainder when 4942 is divided by 988.
2
Calculate the remainder when 627436 is divided by 19.
18
Calculate the remainder when 8940 is divided by 323.
219
Calculate the remainder when 130078 is divided by 90.
28
What is the remainder when 4830 is divided by 345?
0
What is the remainder when 69255 is divided by 11?
10
Calculate the remainder when 203695 is divided by 117.
115
What is the remainder when 1504 is divided by 62?
16
Calculate the remainder when 1542371 is divided by 75.
71
Calculate the remainder when 49601 is divided by 1339.
58
What is the remainder when 17224 is divided by 4302?
16
What is the remainder when 97185 is divided by 39?
36
Calculate the remainder when 48528 is divided by 11.
7
What is the remainder when 5818 is divided by 97?
95
What is the remainder when 108819 is divided by 608?
595
Calculate the remainder when 14405 is divided by 4764.
113
Calculate the remainder when 31687 is divided by 519.
28
What is the remainder when 26843 is divided by 6708?
11
Calculate the remainder when 233732 is divided by 604.
588
Calculate the remainder when 1430288 is divided by 18.
8
What is the remainder when 308126 is divided by 517?
511
What is the remainder when 57299 is divided by 12?
11
Calculate the remainder when 4813597 is divided by 391.
387
Calculate the remainder when 299735 is divided by 276.
275
Calculate the remainder when 980 is divided by 193.
15
Calculate the remainder when 172826 is divided by 71.
12
What is the remainder when 208261 is divided by 399?
382
Calculate the remainder when 202972 is divided by 185.
27
What is the remainder when 325979 is divided by 1128?
1115
Calculate the remainder when 88019 is divided by 90.
89
Calculate the remainder when 52778 is divided by 129.
17
Calculate the remainder when 1872 is divided by 879.
114
What is the remainder when 49587 is divided by 5?
2
Calculate the remainder when 16785 is divided by 1678.
5
What is the remainder when 28454 is divided by 633?
602
What is the remainder when 254 is divided by 21?
2
What is the remainder when 218791 is divided by 36463?
13
Calculate the remainder when 60391 is divided by 123.
121
What is the remainder when 51082 is divided by 178?
174
Calculate the remainder when 6444 is divided by 1284.
24
What is the remainder when 860 is divided by 429?
2
Calculate the remainder when 63350 is divided by 63329.
21
Calculate the remainder when 7067 is divided by 1195.
1092
What is the remainder when 66236 is divided by 1143?
1085
Calculate the remainder when 1049789 is divided by 4.
1
What is the remainder when 52083 is divided by 314?
273
Calculate the remainder when 571739 is divided by 78.
77
What is the remainder when 27235 is divided by 1602?
1
Calculate the remainder when 44693 is divided by 11171.
9
Calculate the remainder when 69 is divided by 35.
34
Calculate the remainder when 240312 is divided by 1493.
1432
Calculate the remainder when 587 is divided by 286.
15
Calculate the remainder when 1766 is divided by 316.
186
What is the remainder when 5740 is divided by 1432?
12
What is the remainder when 12581 is divided by 155?
26
What is the remainder when 4941 is divided by 2467?
7
What is the remainder when 10665 is divided by 253?
39
Calculate the remainder when 3679 is divided by 274.
117
Calculate the remainder when 19759 is divided by 353.
344
What is the remainder when 170363 is divided by 197?
155
What is the remainder when 22692 is divided by 45?
12
Calculate the remainder when 163205 is divided by 800.
5
Calculate the remainder when 8221 is divided by 29.
14
What is the remainder when 21698 is divided by 29?
6
What is the remainder when 7528 is divided by 579?
1
Calculate the remainder when 7452 is divided by 1341.
747
What is the remainder when 23573 is divided by 11771?
31
What is the remainder when 1559402 is divided by 28?
26
Calculate the remainder when 7782 is divided by 111.
12
What is the remainder when 11755 is divided by 730?
75
Calculate the remainder when 2617 is divided by 2509.
108
What is the remainder when 8634 is divided by 30?
24
What is the remainder when 948653 is divided by 281?
278
Calculate the remainder when 29070 is divided by 23.
21
What is the remainder when 3551 is divided by 229?
116
What is the remainder when 906 is divided by 149?
12
Calculate the remainder when 1408 is divided by 423.
139
What is the remainder when 164905 is divided by 15?
10
Calculate the remainder when 1510 is divided by 150.
10
What is the remainder when 36124 is divided by 425?
424
Calculate the remainder when 49595 is divided by 8.
3
Calculate the remainder when 189547 is divided by 34.
31
Calculate the remainder when 763780 is divided by 1017.
13
What is the remainder when 1707894 is divided by 102?
6
Calculate the remainder when 15911 is divided by 664.
639
What is the remainder when 9207 is divided by 1023?
0
What is the remainder when 16471 is divided by 9?
1
What is the remainder when 667585 is divided by 94?
91
What is the remainder when 250860 is divided by 51?
42
Calculate the remainder when 13834 is divided by 282.
16
What is the remainder when 69216 is divided by 213?
204
Calculate the remainder when 297946 is divided by 13.
12
Calculate the remainder when 17472 is divided by 416.
0
What is the remainder when 1248 is divided by 213?
183
What is the remainder when 79894 is divided by 8?
6
Calculate the remainder when 1348 is divided by 372.
232
Calculate the remainder when 324 is divided by 158.
8
What is the remainder when 6441 is divided by 706?
87
Calculate the remainder when 55735 is divided by 24.
7
Calculate the remainder when 55616 is divided by 1013.
914
What is the remainder when 3420313 is divided by 867?
865
Calculate the remainder when 88765 is divided by 11.
6
Calculate the remainder when 8061 is divided by 37.
32
What is the remainder when 1123 is divided by 542?
39
Calculate the remainder when 100827 is divided by 16800.
27
Calculate the remainder when 12829 is divided by 455.
89
What is the remainder when 332126 is divided by 29?
18
Calculate the remainder when 6585 is divided by 387.
6
What is the remainder when 119691 is divided by 39893?
12
What is the remainder when 1801 is divided by 555?
136
Calculate the remainder when 1025729 is divided by 135.
134
What is the remainder when 296244 is divided by 2029?
10
What is the remainder when 18197 is divided by 167?
161
Calculate the remainder when 2811 is divided by 930.
21
Calculate the remainder when 75689 is divided by 37839.
11
What is the remainder when 238706 is divided by 109?
105
Calculate the remainder when 72332 is divided by 195.
182
What is the remainder when 6231 is divided by 552?
159
Calculate the remainder when 5870 is divided by 330.
260
What is the remainder when 42829 is divided by 14257?
58
Calculate the remainder when 101454 is divided by 38.
32
Calculate the remainder when 2829 is divided by 87.
45
What is the remainder when 18363 is divided by 102?
3
Calculate the remainder when 2877 is divided by 288.
285
What is the remainder when 18317 is divided by 1082?
1005
What is the remainder when 81835 is divided by 9?
7
What is the remainder when 15969 is divided by 173?
53
Calculate the remainder when 962703 is divided by 2203.
2195
Calculate the remainder when 9739 is divided by 27.
19
What is the remainder when 37090 is divided by 1114?
328
What is the remainder when 83941 is divided by 83932?
9
Calculate the remainder when 53953 is divided by 164.
161
Calculate the remainder when 66482 is divided by 7386.
8
What is the remainder when 4127 is divided by 2043?
41
Calculate the remainder when 9897 is divided by 233.
111
What is the remainder when 17537 is divided by 17470?
67
Calculate the remainder when 15978 is divided by